{"id":2999,"date":"2024-11-29T15:32:31","date_gmt":"2024-11-29T15:32:31","guid":{"rendered":"https:\/\/coaching-proaktiv.de\/index.php\/philosophie\/"},"modified":"2025-01-18T13:01:12","modified_gmt":"2025-01-18T13:01:12","slug":"philosophie","status":"publish","type":"page","link":"https:\/\/coaching-proaktiv.de\/index.php\/philosophie\/","title":{"rendered":"Philosophie"},"content":{"rendered":"\n  \n    \n    <section class=\"u-clearfix u-section-2\" id=\"sec-aee2\">\n      <div class=\"u-clearfix u-sheet u-valign-middle u-sheet-1\">\n        <div class=\"u-clearfix u-custom-html u-expanded-width u-custom-html-1\">\n          <p>\n            <span style=\"font-size: 36pt; color: #db545a; font-family: georgia, palatino, serif;\">\n              <strong>Philosophie<\/strong>\n            <\/span>\n          <\/p>\n          <p>&nbsp;<\/p>\n          <p>\n            <span style=\"font-size: 18pt; color: #800080; font-family: georgia, palatino, serif;\">\u201eErkenne dich selbst.\u201c<\/span>\n            <br>\n            <span style=\"font-size: 18pt; color: #800080; font-family: georgia, palatino, serif;\">\u201eSelbsterkenntnis ist der <\/span>\n            <br>\n            <span style=\"font-size: 18pt; color: #800080; font-family: georgia, palatino, serif;\">Anfang der Weisheit.\u201c<\/span>\n            <br>\n            <span style=\"font-size: 18pt; color: #2a3943; font-family: georgia, palatino, serif;\">\n              <span style=\"color: #800080;\">Sokrates<\/span>\n            <\/span>\n          <\/p>\n          <p>&nbsp;<\/p>\n          <p>\n            <span style=\"font-size: 18pt; color: #2a3943; font-family: georgia, palatino, serif;\">Mein solider philosophischer Hintergrund und dessen Einbeziehung kann das Coaching und Mentaltraining bei mir ungemein bereichern, denn Philosophie sch\u00e4rft das kritische Denken und f\u00f6rdert analytische F\u00e4higkeiten, die entscheidend sind, um komplexe Probleme aus verschiedenen Perspektiven zu betrachten. Die Philosophie bietet zudem fundierte Einsichten in menschliches Verhalten, Motivation und ethische Fragestellungen, was meine F\u00e4higkeit gest\u00e4rkt hat, auf individuelle Bed\u00fcrfnisse einzugehen und nachhaltige L\u00f6sungen zu entwickeln. Durch die Schulung im Umgang mit tiefgehenden Fragen und Sinnfragen verf\u00fcge ich au\u00dferdem \u00fcber eine wertvolle Basis, meine Klienten auf einer tieferen und umfassenderen Ebene zu begleiten und transformative Prozesse anzusto\u00dfen.<\/span>\n          <\/p>\n          <p>\n            <span style=\"font-size: 18pt; color: #2a3943; font-family: georgia, palatino, serif;\">\n              <strong>Philosophie <\/strong>zeichnet sich generell aus durch: \n            <\/span>\n          <\/p>\n          <ul>\n            <li>\n              <span style=\"font-size: 18pt; color: #2a3943; font-family: georgia, palatino, serif;\">\n                <strong>Tiefe und Radikalit\u00e4t<\/strong>\n              <\/span>\n            <\/li>\n            <li>\n              <span style=\"font-size: 18pt; color: #2a3943; font-family: georgia, palatino, serif;\">\n                <strong>Systematik und Logik<\/strong>\n              <\/span>\n            <\/li>\n            <li>\n              <span style=\"font-size: 18pt; color: #2a3943; font-family: georgia, palatino, serif;\">\n                <strong>Selbstkritik und Offenheit<\/strong>\n              <\/span>\n            <\/li>\n            <li>\n              <span style=\"font-size: 18pt; color: #2a3943; font-family: georgia, palatino, serif;\">\n                <strong>Abstraktion und Allgemeinheit<\/strong>\n              <\/span>\n            <\/li>\n            <li>\n              <span style=\"font-size: 18pt; color: #2a3943; font-family: georgia, palatino, serif;\">\n                <strong>Das Ziel der Weisheit und Einsicht<\/strong>\n              <\/span>\n            <\/li>\n            <li>\n              <span style=\"font-size: 18pt; color: #2a3943; font-family: georgia, palatino, serif;\">\n                <strong>Transdisziplinarit\u00e4t und Ganzheitlichkeit<\/strong>\n              <\/span>\n            <\/li>\n          <\/ul>\n          <p>\n            <span style=\"font-size: 18pt; color: #2a3943; font-family: georgia, palatino, serif;\">Und noch etwas macht die Philosophie f\u00fcr das Personal u. Business Coaching so ausgesprochen wertvoll: Man kann ganz gezielt bei ber\u00fchmten Philosophen Anleihen nehmen\u2026<\/span>\n          <\/p>\n        <\/div>\n      <\/div>\n    <\/section>\n    \n    \n    \n    \n  \n","protected":false},"excerpt":{"rendered":"<p>Philosophie &nbsp; \u201eErkenne dich selbst.\u201c \u201eSelbsterkenntnis ist der Anfang der Weisheit.\u201c Sokrates &nbsp; Mein solider philosophischer Hintergrund und dessen Einbeziehung kann das Coaching und Mentaltraining bei mir ungemein bereichern, denn Philosophie sch\u00e4rft das kritische Denken und f\u00f6rdert analytische F\u00e4higkeiten, die entscheidend sind, um komplexe Probleme aus verschiedenen Perspektiven zu betrachten. Die Philosophie bietet zudem fundierte &hellip; <a href=\"https:\/\/coaching-proaktiv.de\/index.php\/philosophie\/\" class=\"more-link\">Continue reading<span class=\"screen-reader-text\"> &#8220;Philosophie&#8221;<\/span><\/a><\/p>\n","protected":false},"author":1,"featured_media":0,"parent":0,"menu_order":8,"comment_status":"closed","ping_status":"closed","template":"","meta":{"om_disable_all_campaigns":false,"_monsterinsights_skip_tracking":false,"_monsterinsights_sitenote_active":false,"_monsterinsights_sitenote_note":"","_monsterinsights_sitenote_category":0,"footnotes":""},"class_list":["post-2999","page","type-page","status-publish","hentry"],"yoast_head":"<!-- This site is optimized with the Yoast SEO Premium plugin v27.3 (Yoast SEO v27.3) - https:\/\/yoast.com\/product\/yoast-seo-premium-wordpress\/ -->\n<title>Philosophie und Selbstreflexion: Erkenne dich selbst - Coaching proaktiv<\/title>\n<meta name=\"description\" content=\"Entdecke die Welt der Philosophie und lerne, dich selbst besser zu erkennen. Beginne den Weg zur Weisheit.\" \/>\n<meta name=\"robots\" content=\"index, follow, max-snippet:-1, max-image-preview:large, max-video-preview:-1\" \/>\n<link rel=\"canonical\" href=\"https:\/\/coaching-proaktiv.de\/index.php\/philosophie\/\" \/>\n<meta property=\"og:locale\" content=\"de_DE\" \/>\n<meta property=\"og:type\" content=\"article\" \/>\n<meta property=\"og:title\" content=\"Philosophie\" \/>\n<meta property=\"og:description\" content=\"Entdecke die Welt der Philosophie und lerne, dich selbst besser zu erkennen. Beginne den Weg zur Weisheit.\" \/>\n<meta property=\"og:url\" content=\"https:\/\/coaching-proaktiv.de\/index.php\/philosophie\/\" \/>\n<meta property=\"og:site_name\" content=\"Coaching proaktiv\" \/>\n<meta property=\"article:modified_time\" content=\"2025-01-18T13:01:12+00:00\" \/>\n<meta name=\"twitter:card\" content=\"summary_large_image\" \/>\n<meta name=\"twitter:label1\" content=\"Gesch\u00e4tzte Lesezeit\" \/>\n\t<meta name=\"twitter:data1\" content=\"1\u00a0Minute\" \/>\n<script type=\"application\/ld+json\" class=\"yoast-schema-graph\">{\"@context\":\"https:\\\/\\\/schema.org\",\"@graph\":[{\"@type\":\"WebPage\",\"@id\":\"https:\\\/\\\/coaching-proaktiv.de\\\/index.php\\\/philosophie\\\/\",\"url\":\"https:\\\/\\\/coaching-proaktiv.de\\\/index.php\\\/philosophie\\\/\",\"name\":\"Philosophie und Selbstreflexion: Erkenne dich selbst - Coaching proaktiv\",\"isPartOf\":{\"@id\":\"https:\\\/\\\/coaching-proaktiv.de\\\/#website\"},\"datePublished\":\"2024-11-29T15:32:31+00:00\",\"dateModified\":\"2025-01-18T13:01:12+00:00\",\"description\":\"Entdecke die Welt der Philosophie und lerne, dich selbst besser zu erkennen. Beginne den Weg zur Weisheit.\",\"breadcrumb\":{\"@id\":\"https:\\\/\\\/coaching-proaktiv.de\\\/index.php\\\/philosophie\\\/#breadcrumb\"},\"inLanguage\":\"de\",\"potentialAction\":[{\"@type\":\"ReadAction\",\"target\":[\"https:\\\/\\\/coaching-proaktiv.de\\\/index.php\\\/philosophie\\\/\"]}]},{\"@type\":\"BreadcrumbList\",\"@id\":\"https:\\\/\\\/coaching-proaktiv.de\\\/index.php\\\/philosophie\\\/#breadcrumb\",\"itemListElement\":[{\"@type\":\"ListItem\",\"position\":1,\"name\":\"Startseite\",\"item\":\"https:\\\/\\\/coaching-proaktiv.de\\\/\"},{\"@type\":\"ListItem\",\"position\":2,\"name\":\"Philosophie\"}]},{\"@type\":\"WebSite\",\"@id\":\"https:\\\/\\\/coaching-proaktiv.de\\\/#website\",\"url\":\"https:\\\/\\\/coaching-proaktiv.de\\\/\",\"name\":\"Coaching proactiv\",\"description\":\"Barbara Friebertsh\u00e4user M.A.\",\"publisher\":{\"@id\":\"https:\\\/\\\/coaching-proaktiv.de\\\/#organization\"},\"alternateName\":\"Barbara Friebertshaeuser M.A.\",\"potentialAction\":[{\"@type\":\"SearchAction\",\"target\":{\"@type\":\"EntryPoint\",\"urlTemplate\":\"https:\\\/\\\/coaching-proaktiv.de\\\/?s={search_term_string}\"},\"query-input\":{\"@type\":\"PropertyValueSpecification\",\"valueRequired\":true,\"valueName\":\"search_term_string\"}}],\"inLanguage\":\"de\"},{\"@type\":\"Organization\",\"@id\":\"https:\\\/\\\/coaching-proaktiv.de\\\/#organization\",\"name\":\"Coaching proactiv\",\"url\":\"https:\\\/\\\/coaching-proaktiv.de\\\/\",\"logo\":{\"@type\":\"ImageObject\",\"inLanguage\":\"de\",\"@id\":\"https:\\\/\\\/coaching-proaktiv.de\\\/#\\\/schema\\\/logo\\\/image\\\/\",\"url\":\"https:\\\/\\\/i0.wp.com\\\/coaching-proaktiv.de\\\/wp-content\\\/uploads\\\/2024\\\/11\\\/Logo-Coaching-proaktiv.jpg?fit=598%2C598&ssl=1\",\"contentUrl\":\"https:\\\/\\\/i0.wp.com\\\/coaching-proaktiv.de\\\/wp-content\\\/uploads\\\/2024\\\/11\\\/Logo-Coaching-proaktiv.jpg?fit=598%2C598&ssl=1\",\"width\":598,\"height\":598,\"caption\":\"Coaching proactiv\"},\"image\":{\"@id\":\"https:\\\/\\\/coaching-proaktiv.de\\\/#\\\/schema\\\/logo\\\/image\\\/\"}}]}<\/script>\n<!-- \/ Yoast SEO Premium plugin. -->","yoast_head_json":{"title":"Philosophie und Selbstreflexion: Erkenne dich selbst - Coaching proaktiv","description":"Entdecke die Welt der Philosophie und lerne, dich selbst besser zu erkennen. Beginne den Weg zur Weisheit.","robots":{"index":"index","follow":"follow","max-snippet":"max-snippet:-1","max-image-preview":"max-image-preview:large","max-video-preview":"max-video-preview:-1"},"canonical":"https:\/\/coaching-proaktiv.de\/index.php\/philosophie\/","og_locale":"de_DE","og_type":"article","og_title":"Philosophie","og_description":"Entdecke die Welt der Philosophie und lerne, dich selbst besser zu erkennen. Beginne den Weg zur Weisheit.","og_url":"https:\/\/coaching-proaktiv.de\/index.php\/philosophie\/","og_site_name":"Coaching proaktiv","article_modified_time":"2025-01-18T13:01:12+00:00","twitter_card":"summary_large_image","twitter_misc":{"Gesch\u00e4tzte Lesezeit":"1\u00a0Minute"},"schema":{"@context":"https:\/\/schema.org","@graph":[{"@type":"WebPage","@id":"https:\/\/coaching-proaktiv.de\/index.php\/philosophie\/","url":"https:\/\/coaching-proaktiv.de\/index.php\/philosophie\/","name":"Philosophie und Selbstreflexion: Erkenne dich selbst - Coaching proaktiv","isPartOf":{"@id":"https:\/\/coaching-proaktiv.de\/#website"},"datePublished":"2024-11-29T15:32:31+00:00","dateModified":"2025-01-18T13:01:12+00:00","description":"Entdecke die Welt der Philosophie und lerne, dich selbst besser zu erkennen. Beginne den Weg zur Weisheit.","breadcrumb":{"@id":"https:\/\/coaching-proaktiv.de\/index.php\/philosophie\/#breadcrumb"},"inLanguage":"de","potentialAction":[{"@type":"ReadAction","target":["https:\/\/coaching-proaktiv.de\/index.php\/philosophie\/"]}]},{"@type":"BreadcrumbList","@id":"https:\/\/coaching-proaktiv.de\/index.php\/philosophie\/#breadcrumb","itemListElement":[{"@type":"ListItem","position":1,"name":"Startseite","item":"https:\/\/coaching-proaktiv.de\/"},{"@type":"ListItem","position":2,"name":"Philosophie"}]},{"@type":"WebSite","@id":"https:\/\/coaching-proaktiv.de\/#website","url":"https:\/\/coaching-proaktiv.de\/","name":"Coaching proactiv","description":"Barbara Friebertsh\u00e4user M.A.","publisher":{"@id":"https:\/\/coaching-proaktiv.de\/#organization"},"alternateName":"Barbara Friebertshaeuser M.A.","potentialAction":[{"@type":"SearchAction","target":{"@type":"EntryPoint","urlTemplate":"https:\/\/coaching-proaktiv.de\/?s={search_term_string}"},"query-input":{"@type":"PropertyValueSpecification","valueRequired":true,"valueName":"search_term_string"}}],"inLanguage":"de"},{"@type":"Organization","@id":"https:\/\/coaching-proaktiv.de\/#organization","name":"Coaching proactiv","url":"https:\/\/coaching-proaktiv.de\/","logo":{"@type":"ImageObject","inLanguage":"de","@id":"https:\/\/coaching-proaktiv.de\/#\/schema\/logo\/image\/","url":"https:\/\/i0.wp.com\/coaching-proaktiv.de\/wp-content\/uploads\/2024\/11\/Logo-Coaching-proaktiv.jpg?fit=598%2C598&ssl=1","contentUrl":"https:\/\/i0.wp.com\/coaching-proaktiv.de\/wp-content\/uploads\/2024\/11\/Logo-Coaching-proaktiv.jpg?fit=598%2C598&ssl=1","width":598,"height":598,"caption":"Coaching proactiv"},"image":{"@id":"https:\/\/coaching-proaktiv.de\/#\/schema\/logo\/image\/"}}]}},"jetpack_sharing_enabled":true,"_links":{"self":[{"href":"https:\/\/coaching-proaktiv.de\/index.php\/wp-json\/wp\/v2\/pages\/2999","targetHints":{"allow":["GET"]}}],"collection":[{"href":"https:\/\/coaching-proaktiv.de\/index.php\/wp-json\/wp\/v2\/pages"}],"about":[{"href":"https:\/\/coaching-proaktiv.de\/index.php\/wp-json\/wp\/v2\/types\/page"}],"author":[{"embeddable":true,"href":"https:\/\/coaching-proaktiv.de\/index.php\/wp-json\/wp\/v2\/users\/1"}],"replies":[{"embeddable":true,"href":"https:\/\/coaching-proaktiv.de\/index.php\/wp-json\/wp\/v2\/comments?post=2999"}],"version-history":[{"count":2,"href":"https:\/\/coaching-proaktiv.de\/index.php\/wp-json\/wp\/v2\/pages\/2999\/revisions"}],"predecessor-version":[{"id":3065,"href":"https:\/\/coaching-proaktiv.de\/index.php\/wp-json\/wp\/v2\/pages\/2999\/revisions\/3065"}],"wp:attachment":[{"href":"https:\/\/coaching-proaktiv.de\/index.php\/wp-json\/wp\/v2\/media?parent=2999"}],"curies":[{"name":"wp","href":"https:\/\/api.w.org\/{rel}","templated":true}]}}