{"id":3000,"date":"2024-11-29T15:32:32","date_gmt":"2024-11-29T15:32:32","guid":{"rendered":"https:\/\/coaching-proaktiv.de\/index.php\/home-page\/"},"modified":"2026-05-03T23:34:54","modified_gmt":"2026-05-03T21:34:54","slug":"home-page","status":"publish","type":"page","link":"https:\/\/coaching-proaktiv.de\/","title":{"rendered":"Home Page"},"content":{"rendered":"\n  \n    \n    <section class=\"u-clearfix u-valign-top-lg u-valign-top-xl u-section-2\" id=\"sec-7e2e\">\n      <div class=\"data-layout-selected u-clearfix u-expanded-width u-gutter-16 u-layout-wrap u-layout-wrap-1\">\n        <div class=\"u-gutter-0 u-layout\">\n          <div class=\"u-layout-col\">\n            <div class=\"u-size-30\">\n              <div class=\"u-layout-row\">\n                <div class=\"skrollable u-container-style u-image u-layout-cell u-radius u-shape-round u-size-60 u-image-1\" data-image-width=\"800\" data-image-height=\"534\" style=\"background-image: url(&quot;https:\/\/coaching-proaktiv.de\/wp-content\/uploads\/2024\/11\/Barbara_1_800x600-55.jpg&quot;);\">\n                  <div class=\"u-container-layout u-container-layout-1\">\n                    <h2 class=\"u-text u-text-body-alt-color u-text-default u-text-1\"> \u201eWerde,<br>&nbsp; &nbsp; &nbsp; &nbsp; &nbsp; &nbsp; &nbsp; der\ndu bist!\u201c <br>\n                    <\/h2>\n                    <h4 class=\"u-text u-text-body-alt-color u-text-default u-text-2\"> (Friedrich Nietz\u200bsche)<\/h4>\n                  <\/div>\n                <\/div>\n              <\/div>\n            <\/div>\n            <div class=\"u-size-30\">\n              <div class=\"u-layout-row\">\n                <div class=\"u-container-style u-layout-cell u-size-32 u-layout-cell-2\">\n                  <div class=\"u-container-layout u-valign-bottom u-container-layout-2\">\n                    <h3 class=\"u-custom-font u-text u-text-palette-2-base u-text-3\"><b>M\u00f6chten Sie ein authentisches,\nselbstbestimmtes, erf\u00fclltes und gl\u00fcckliches Leben f\u00fchren?<\/b>\n                      <br><b>M\u00f6chten Sie Erfolg im Leben haben \u2013\nwie auch immer Sie diesen f\u00fcr sich definieren?<\/b>\n                      <br>\n                    <\/h3>\n                    <h4 class=\"u-custom-font u-text u-text-custom-color-1 u-text-4\"> Im Grunde\nbefinden <span class=\"u-text-custom-color-7\"><\/span>Sie sich damit in einer&nbsp;<b>lebenslangen Entwicklung<\/b>,<br>die Sie immer wieder sowohl\nvor kleine als auch gro\u00dfe Herausforderungen stellen wird: \n                    <\/h4>\n                    <ul class=\"u-custom-font u-text u-text-custom-color-1 u-text-5\">\n                      <li> Sie\nsind ihrem aktuellen Leben entwachsen, wissen aber nicht, wie es alternativ weitergehen k\u00f6nnte <\/li>\n                      <li> Sie\nf\u00fchlen sich in einem oder mehreren Bereichen fremdbestimmt und m\u00f6chten dies\ngerne \u00e4ndern <\/li>\n                      <li> Sie\nwissen, dass Sie sehr viel mehr k\u00f6nnten, aber Sie stehen sich irgendwie regelm\u00e4\u00dfig selbst\nim Weg <\/li>\n                      <li>Sie\nhaben jahrelang nur funktioniert und schlie\u00dflich die Verbindung zu sich selbst,\nIhren Bed\u00fcrfnissen, Ihren Werten und Ihren Zielen&nbsp;verloren\u2026<\/li>\n                      <li> Sie\nsp\u00fcren schmerzhaft den \u201eStachel der Unzufriedenheit\u201c in sich, ohne diesen\ngenauer bestimmen zu k\u00f6nnen <\/li>\n                      <li> Sie\nwissen zwar, wie Sie Ihre Zukunft gerne gestalten m\u00f6chten, Ihnen fehlt jedoch\ndie daf\u00fcr erforderliche Kraft<br>\n                      <\/li>\n                      <li> Ein unerwarteter Schicksalsschlag zieht Ihnen den Boden unter den F\u00fc\u00dfen weg\u2026 <\/li>\n                      <li> Und viele weitere Herausforderungen mehr <\/li>\n                    <\/ul><span class=\"u-file-icon u-hidden-sm u-hidden-xs u-icon u-icon-1\"><img data-recalc-dims=\"1\" decoding=\"async\" src=\"https:\/\/i0.wp.com\/coaching-proaktiv.de\/wp-content\/uploads\/2024\/11\/3558003-55.png?w=1140&#038;ssl=1\" alt=\"\"><\/span>\n                  <\/div>\n                <\/div>\n                <div class=\"u-container-style u-image u-layout-cell u-radius u-size-28 u-image-2\" data-image-width=\"1080\" data-image-height=\"720\" style=\"background-image: url(&quot;https:\/\/coaching-proaktiv.de\/wp-content\/uploads\/2024\/11\/photo-1484627147104-f5197bcd6651-55.jpeg&quot;);\">\n                  <div class=\"u-container-layout u-container-layout-3\">\n                    <p class=\"u-custom-font u-text u-text-default u-text-palette-1-base u-text-6\"> \u201eFinde dich,\nsei dir selber treu, <br> lerne dich verstehen, folge <br> deiner Stimme, nur so kannst<br>du das H\u00f6chste erreichen.\u201c<br><span style=\"font-weight: 400;\">(Bettina von Arnim&nbsp;<\/span><span style=\"font-weight: 400;\">1785-1859)<\/span>\n                    <\/p>\n                  <\/div>\n                <\/div>\n              <\/div>\n            <\/div>\n          <\/div>\n        <\/div>\n      <\/div>\n    <\/section>\n    <section class=\"u-clearfix u-custom-color-3 u-valign-middle-sm u-valign-middle-xs u-section-3\" id=\"sec-da7a\">\n      <div class=\"data-layout-selected u-clearfix u-expanded-width u-gutter-0 u-layout-wrap u-layout-wrap-1\">\n        <div class=\"u-layout\">\n          <div class=\"u-layout-row\">\n            <div class=\"u-container-style u-custom-color-3 u-layout-cell u-size-30 u-layout-cell-1\">\n              <div class=\"u-container-layout u-container-layout-1\">\n                <img data-recalc-dims=\"1\" decoding=\"async\" class=\"u-expanded-width u-image u-image-round u-radius u-image-1\" src=\"https:\/\/i0.wp.com\/coaching-proaktiv.de\/wp-content\/uploads\/2024\/11\/Kompass_auf_Holz_640x480-55.png?w=1140&#038;ssl=1\" alt=\"\" data-image-width=\"640\" data-image-height=\"426\">\n              <\/div>\n            <\/div>\n            <div class=\"u-container-style u-custom-color-3 u-layout-cell u-size-30 u-layout-cell-2\">\n              <div class=\"u-container-layout u-valign-bottom-lg u-valign-bottom-md u-valign-bottom-sm u-valign-bottom-xs u-container-layout-2\">\n                <h4 class=\"u-align-center-xs u-custom-font u-font-georgia u-text u-text-default-lg u-text-default-md u-text-default-sm u-text-default-xl u-text-palette-2-base u-text-1\"><b>Was also tun??<\/b>\n                <\/h4>\n                <p class=\"u-custom-font u-font-georgia u-text u-text-custom-color-1 u-text-2\"> Auch wenn\nSie zu jenen Personen z\u00e4hlen, die am liebsten alles alleine managen und ungern\nUnterst\u00fctzung annehmen m\u00f6chten\u2026<\/p>\n                <p class=\"u-custom-font u-font-georgia u-text u-text-custom-color-1 u-text-3\"> In den oben\nbeschriebenen Lebenssituationen ist eine zeitlich doch recht begrenzte <b>Wegbegleitung <\/b>und <b>Unterst\u00fctzung <\/b>eine mehr als lohnenswerte Investition! \n                <\/p>\n                <p class=\"u-custom-font u-font-georgia u-text u-text-custom-color-1 u-text-4\"><b>Ich f\u00fcr meinen Teil kann Ihnen hier\neine einzigartige Kombination aus Philosophie, Mentaltraining, Personal u.\nBusiness Coaching und auf Wunsch nichtmedizinische Hypnose anbieten, um Sie bei\nIhrem Ver\u00e4nderungsprozess hin zu einer neuen - und vermutlich reiferen -\nVersion Ihrer selbst proaktiv und somit bestm\u00f6glich zu unterst\u00fctzen.<\/b>\n                <\/p>\n              <\/div>\n            <\/div>\n          <\/div>\n        <\/div>\n      <\/div>\n    <\/section>\n    <section class=\"u-clearfix u-valign-bottom-md u-section-4\" id=\"sec-0cc5\">\n      <div class=\"data-layout-selected u-clearfix u-expanded-width u-gutter-0 u-layout-wrap u-layout-wrap-1\">\n        <div class=\"u-layout\">\n          <div class=\"u-layout-col\">\n            <div class=\"u-size-30\">\n              <div class=\"u-layout-row\">\n                <div class=\"u-container-style u-custom-color-6 u-layout-cell u-size-30 u-layout-cell-1\" data-href=\"https:\/\/coaching-proaktiv.de\/index.php\/Philosophie\">\n                  <div class=\"u-container-layout u-container-layout-1\">\n                    <img data-recalc-dims=\"1\" decoding=\"async\" class=\"custom-expanded u-align-center-sm u-align-center-xs u-image u-image-round u-radius u-image-1\" src=\"https:\/\/i0.wp.com\/coaching-proaktiv.de\/wp-content\/uploads\/2024\/11\/Sokrates_klein_m_K-55.jpg?w=1140&#038;ssl=1\" data-image-width=\"972\" data-image-height=\"789\">\n                    <a href=\"https:\/\/coaching-proaktiv.de\/index.php\/philosophie\/\" class=\"u-align-center-xs u-border-none u-btn u-btn-round u-button-style u-custom-color-9 u-hover-palette-1-light-1 u-radius u-btn-1\">PHILOSOPHIE <\/a>\n                  <\/div>\n                <\/div>\n                <div class=\"u-container-align-center-xs u-container-style u-layout-cell u-size-30 u-layout-cell-2\">\n                  <div class=\"u-container-layout u-container-layout-2\">\n                    <img data-recalc-dims=\"1\" decoding=\"async\" class=\"u-align-center-sm u-align-center-xs u-image u-image-round u-radius u-image-2\" src=\"https:\/\/i0.wp.com\/coaching-proaktiv.de\/wp-content\/uploads\/2024\/11\/photo-1725784937873-7e4e8a80f145-55.jpeg?w=1140&#038;ssl=1\" alt=\"\" data-image-width=\"1080\" data-image-height=\"1350\">\n                    <a href=\"https:\/\/coaching-proaktiv.de\/index.php\/mentaltraining\/\" class=\"u-align-center-sm u-align-center-xs u-btn u-btn-round u-button-style u-custom-color-9 u-hover-palette-1-light-1 u-radius u-btn-2\">MENTALTRAINING <\/a>\n                  <\/div>\n                <\/div>\n              <\/div>\n            <\/div>\n            <div class=\"u-size-30\">\n              <div class=\"u-layout-row\">\n                <div class=\"u-container-style u-layout-cell u-size-30 u-layout-cell-3\" data-href=\"https:\/\/coaching-proaktiv.de\/index.php\/mentaltraining\">\n                  <div class=\"u-container-layout u-valign-bottom-xs u-container-layout-3\">\n                    <img data-recalc-dims=\"1\" decoding=\"async\" class=\"u-align-center-sm u-align-center-xs u-image u-image-round u-radius u-image-3\" src=\"https:\/\/i0.wp.com\/coaching-proaktiv.de\/wp-content\/uploads\/2024\/11\/photo-1501770118606-b1d640526693-55.jpeg?w=1140&#038;ssl=1\" alt=\"\" data-image-width=\"1080\" data-image-height=\"720\">\n                    <a href=\"https:\/\/coaching-proaktiv.de\/index.php\/coaching\/\" class=\"u-align-center-sm u-align-center-xs u-border-none u-btn u-btn-round u-button-style u-hover-palette-1-light-1 u-palette-2-base u-radius u-btn-3\">COACHING <\/a>\n                  <\/div>\n                <\/div>\n                <div class=\"u-container-style u-layout-cell u-size-30 u-layout-cell-4\">\n                  <div class=\"u-container-layout u-container-layout-4\">\n                    <img data-recalc-dims=\"1\" decoding=\"async\" class=\"u-align-center-sm u-align-center-xs u-image u-image-round u-radius u-image-4\" src=\"https:\/\/i0.wp.com\/coaching-proaktiv.de\/wp-content\/uploads\/2024\/11\/photo-1666362755385-1856fca1a330-55.jpeg?w=1140&#038;ssl=1\" alt=\"\" data-image-width=\"1080\" data-image-height=\"1350\">\n                    <a href=\"https:\/\/coaching-proaktiv.de\/index.php\/hypnose\/\" class=\"u-align-center-xs u-border-none u-btn u-btn-round u-button-style u-hover-palette-1-light-1 u-palette-2-base u-radius u-btn-4\">HYPNOSE <\/a>\n                  <\/div>\n                <\/div>\n              <\/div>\n            <\/div>\n          <\/div>\n        <\/div>\n      <\/div>\n    <\/section>\n    <section class=\"skrollable u-clearfix u-image u-section-5\" id=\"sec-ea24\" data-image-width=\"3840\" data-image-height=\"5760\" style=\"background-image: url(&quot;https:\/\/coaching-proaktiv.de\/wp-content\/uploads\/2024\/11\/0w7mOOg-55.jpeg&quot;);\">\n      <div class=\"u-clearfix u-sheet u-valign-middle u-sheet-1\">\n        <a href=\"https:\/\/coaching-proaktiv.de\/index.php\/angebote_tab\/\" class=\"u-btn u-btn-round u-button-style u-custom-color-9 u-custom-font u-font-georgia u-hover-palette-1-light-1 u-radius u-btn-1\">Meine Angebote <\/a>\n      <\/div>\n    <\/section>\n    <section class=\"u-clearfix u-container-align-center-xs u-custom-color-2 u-section-6\" id=\"sec-d10a\">\n      <div class=\"u-clearfix u-sheet u-valign-middle-lg u-valign-middle-xl u-sheet-1\">\n        <h2 class=\"u-align-center u-custom-font u-font-georgia u-text u-text-custom-color-9 u-text-default-lg u-text-default-xl u-text-1\">\u00dcber mich <\/h2>\n      <\/div>\n    <\/section>\n    <section class=\"u-clearfix u-custom-color-3 u-section-7\" id=\"sec-79cf\">\n      <div class=\"u-clearfix u-sheet u-sheet-1\"><\/div>\n    <\/section>\n    <section class=\"u-clearfix u-custom-color-3 u-valign-middle-sm u-valign-middle-xs u-section-8\" id=\"sec-2f11\">\n      <div class=\"data-layout-selected u-clearfix u-expanded-width u-layout-wrap u-layout-wrap-1\">\n        <div class=\"u-layout\">\n          <div class=\"u-layout-row\">\n            <div class=\"u-container-style u-custom-color-3 u-layout-cell u-size-30 u-layout-cell-1\">\n              <div class=\"u-container-layout u-valign-top-md u-valign-top-sm u-valign-top-xs u-container-layout-1\">\n                <img data-recalc-dims=\"1\" decoding=\"async\" class=\"u-expanded-width-lg u-expanded-width-md u-expanded-width-sm u-expanded-width-xl u-expanded-width-xs u-image u-image-round u-radius u-image-1\" src=\"https:\/\/i0.wp.com\/coaching-proaktiv.de\/wp-content\/uploads\/2024\/11\/Barbara_ueber_mich-55.jpg?w=1140&#038;ssl=1\" alt=\"\" data-image-width=\"1920\" data-image-height=\"1360\">\n              <\/div>\n            <\/div>\n            <div class=\"u-container-style u-custom-color-3 u-layout-cell u-size-30 u-layout-cell-2\">\n              <div class=\"u-container-layout u-container-layout-2\">\n                <p class=\"u-custom-font u-font-georgia u-text u-text-custom-color-1 u-text-default-lg u-text-default-md u-text-default-sm u-text-default-xl u-text-1\"> Willkommen\nbei <b>COACHING PROAKTIV<\/b>! Mein Name ist Barbara Friebertsh\u00e4user,\nund ich freue mich, Sie auf Ihrer pers\u00f6nlichen Reise begleiten zu d\u00fcrfen.<br>\n                  <br>Mein\nberuflicher Weg begann in der Hotellerie, wo ich in renommierten H\u00e4usern wie\ndem Hotel Nassauer Hof in Wiesbaden und dem Dorint Hotel in Bad D\u00fcrkheim G\u00e4ste\nmit Leidenschaft betreute. Sp\u00e4ter f\u00fchrte mich meine Reise in die L\u00fcfte, wo ich\nals Stewardess bei Lufthansa t\u00e4tig war und unterschiedlichste Menschen aus\naller Welt kennenlernte.<br>\n                  <br>Nach der\nElternzeit folgte ich einer weiteren gro\u00dfen Leidenschaft und absolvierte ein\nMagisterstudium in Philosophie mit den Nebenf\u00e4chern Psychologie und P\u00e4dagogik.<br>\n                  <br> Und auch\ndanach bildete ich mich intensiv und erfolgreich weiter zur: <br> Personal u. Business Coachin, gepr\u00fcften Kommunikations- und Rhetoriktrainerin,\nHypnotiseurin und last but not least zur Mentaltrainerin. <br>\n                  <br> Zus\u00e4tzlich\nsammelte ich zahlreiche Erfahrungen im Verkauf und in der Seniorenbetreuung. Diese vielf\u00e4ltigen T\u00e4tigkeiten hatten eines gemeinsam: den direkten Kontakt mit\nMenschen. Diese N\u00e4he, gepaart mit meiner Passion f\u00fcr Kommunikation, Empathie\nund l\u00f6sungsorientiertes Denken, hat mich letztlich zu meiner Berufung gef\u00fchrt:\nMenschen dabei zu unterst\u00fctzen, ihren eigenen authentischen Weg zu gehen und\ndabei ihr volles Potenzial zu entfalten.<br>\n                  <br><b>PROAKTIV<\/b> steht f\u00fcr eine Haltung, bei der man\nbewusst und l\u00f6sungsorientiert handelt, anstatt nur auf \u00e4u\u00dfere Umst\u00e4nde zu\nreagieren. Es bedeutet, Verantwortung zu \u00fcbernehmen, selbst die Initiative zu\nergreifen und Ver\u00e4nderungen aktiv zu gestalten \u2013 sei es im Beruf, im Alltag\noder im pers\u00f6nlichen Leben. Diese Philosophie pr\u00e4gt meine Arbeit und spiegelt\nmeine \u00dcberzeugung wieder, dass jeder Mensch die F\u00e4higkeit hat, seine Ziele zu\nerreichen, wenn er gezielt die richtigen Schritte geht.<br>\n                  <br>Heute setze\nich mein Wissen und meine Erfahrung ein, um Sie mit einer proaktiven, klaren\nund ganzheitlichen Herangehensweise zu unterst\u00fctzen. Ich lade Sie ein,\ngemeinsam mit mir Ihre pers\u00f6nlichen oder beruflichen Ziele zu erreichen \u2013\nSchritt f\u00fcr Schritt, nachhaltig und mit Freude.\n                <\/p>\n              <\/div>\n            <\/div>\n          <\/div>\n        <\/div>\n      <\/div>\n    <\/section>\n    \n    \n    \n    \n  \n","protected":false},"excerpt":{"rendered":"<p>\u201eWerde,&nbsp; &nbsp; &nbsp; &nbsp; &nbsp; &nbsp; &nbsp; der du bist!\u201c (Friedrich Nietz\u200bsche) M\u00f6chten Sie ein authentisches, selbstbestimmtes, erf\u00fclltes und gl\u00fcckliches Leben f\u00fchren? M\u00f6chten Sie Erfolg im Leben haben \u2013 wie auch immer Sie diesen f\u00fcr sich definieren? Im Grunde befinden Sie sich damit in einer&nbsp;lebenslangen Entwicklung,die Sie immer wieder sowohl vor kleine als auch gro\u00dfe &hellip; <a href=\"https:\/\/coaching-proaktiv.de\/\" class=\"more-link\">Continue reading<span class=\"screen-reader-text\"> &#8220;Home Page&#8221;<\/span><\/a><\/p>\n","protected":false},"author":1,"featured_media":0,"parent":0,"menu_order":9,"comment_status":"closed","ping_status":"closed","template":"","meta":{"om_disable_all_campaigns":false,"_monsterinsights_skip_tracking":false,"_monsterinsights_sitenote_active":false,"_monsterinsights_sitenote_note":"","_monsterinsights_sitenote_category":0,"footnotes":""},"class_list":["post-3000","page","type-page","status-publish","hentry"],"yoast_head":"<!-- This site is optimized with the Yoast SEO Premium plugin v27.5 (Yoast SEO v27.5) - https:\/\/yoast.com\/product\/yoast-seo-premium-wordpress\/ -->\n<title>Effektives Coaching mit Barbara Friebertsh\u00e4user M.A. - Coaching proaktiv<\/title>\n<meta name=\"description\" content=\"Entdecken Sie neue M\u00f6glichkeiten und werden Sie aktiv in Ihrem Leben mit Barbara Friebertsh\u00e4user M.A. Coaching\" \/>\n<meta name=\"robots\" content=\"index, follow, max-snippet:-1, max-image-preview:large, max-video-preview:-1\" \/>\n<link rel=\"canonical\" href=\"https:\/\/coaching-proaktiv.de\/\" \/>\n<meta property=\"og:locale\" content=\"de_DE\" \/>\n<meta property=\"og:type\" content=\"article\" \/>\n<meta property=\"og:title\" content=\"Home Page\" \/>\n<meta property=\"og:description\" content=\"Entdecken Sie neue M\u00f6glichkeiten und werden Sie aktiv in Ihrem Leben mit Barbara Friebertsh\u00e4user M.A. Coaching\" \/>\n<meta property=\"og:url\" content=\"https:\/\/coaching-proaktiv.de\/\" \/>\n<meta property=\"og:site_name\" content=\"Coaching proaktiv\" \/>\n<meta property=\"article:modified_time\" content=\"2026-05-03T21:34:54+00:00\" \/>\n<meta name=\"twitter:card\" content=\"summary_large_image\" \/>\n<meta name=\"twitter:label1\" content=\"Gesch\u00e4tzte Lesezeit\" \/>\n\t<meta name=\"twitter:data1\" content=\"5\u00a0Minuten\" \/>\n<script type=\"application\/ld+json\" class=\"yoast-schema-graph\">{\"@context\":\"https:\\\/\\\/schema.org\",\"@graph\":[{\"@type\":\"WebPage\",\"@id\":\"https:\\\/\\\/coaching-proaktiv.de\\\/\",\"url\":\"https:\\\/\\\/coaching-proaktiv.de\\\/\",\"name\":\"Effektives Coaching mit Barbara Friebertsh\u00e4user M.A. - Coaching proaktiv\",\"isPartOf\":{\"@id\":\"https:\\\/\\\/coaching-proaktiv.de\\\/#website\"},\"datePublished\":\"2024-11-29T15:32:32+00:00\",\"dateModified\":\"2026-05-03T21:34:54+00:00\",\"description\":\"Entdecken Sie neue M\u00f6glichkeiten und werden Sie aktiv in Ihrem Leben mit Barbara Friebertsh\u00e4user M.A. Coaching\",\"breadcrumb\":{\"@id\":\"https:\\\/\\\/coaching-proaktiv.de\\\/#breadcrumb\"},\"inLanguage\":\"de\",\"potentialAction\":[{\"@type\":\"ReadAction\",\"target\":[\"https:\\\/\\\/coaching-proaktiv.de\\\/\"]}]},{\"@type\":\"BreadcrumbList\",\"@id\":\"https:\\\/\\\/coaching-proaktiv.de\\\/#breadcrumb\",\"itemListElement\":[{\"@type\":\"ListItem\",\"position\":1,\"name\":\"Startseite\",\"item\":\"https:\\\/\\\/coaching-proaktiv.de\\\/\"},{\"@type\":\"ListItem\",\"position\":2,\"name\":\"Home Page\"}]},{\"@type\":\"WebSite\",\"@id\":\"https:\\\/\\\/coaching-proaktiv.de\\\/#website\",\"url\":\"https:\\\/\\\/coaching-proaktiv.de\\\/\",\"name\":\"Coaching proactiv\",\"description\":\"Barbara Friebertsh\u00e4user M.A.\",\"publisher\":{\"@id\":\"https:\\\/\\\/coaching-proaktiv.de\\\/#organization\"},\"alternateName\":\"Barbara Friebertshaeuser M.A.\",\"potentialAction\":[{\"@type\":\"SearchAction\",\"target\":{\"@type\":\"EntryPoint\",\"urlTemplate\":\"https:\\\/\\\/coaching-proaktiv.de\\\/?s={search_term_string}\"},\"query-input\":{\"@type\":\"PropertyValueSpecification\",\"valueRequired\":true,\"valueName\":\"search_term_string\"}}],\"inLanguage\":\"de\"},{\"@type\":\"Organization\",\"@id\":\"https:\\\/\\\/coaching-proaktiv.de\\\/#organization\",\"name\":\"Coaching proactiv\",\"url\":\"https:\\\/\\\/coaching-proaktiv.de\\\/\",\"logo\":{\"@type\":\"ImageObject\",\"inLanguage\":\"de\",\"@id\":\"https:\\\/\\\/coaching-proaktiv.de\\\/#\\\/schema\\\/logo\\\/image\\\/\",\"url\":\"https:\\\/\\\/i0.wp.com\\\/coaching-proaktiv.de\\\/wp-content\\\/uploads\\\/2024\\\/11\\\/Logo-Coaching-proaktiv.jpg?fit=598%2C598&ssl=1\",\"contentUrl\":\"https:\\\/\\\/i0.wp.com\\\/coaching-proaktiv.de\\\/wp-content\\\/uploads\\\/2024\\\/11\\\/Logo-Coaching-proaktiv.jpg?fit=598%2C598&ssl=1\",\"width\":598,\"height\":598,\"caption\":\"Coaching proactiv\"},\"image\":{\"@id\":\"https:\\\/\\\/coaching-proaktiv.de\\\/#\\\/schema\\\/logo\\\/image\\\/\"}}]}<\/script>\n<!-- \/ Yoast SEO Premium plugin. -->","yoast_head_json":{"title":"Effektives Coaching mit Barbara Friebertsh\u00e4user M.A. - Coaching proaktiv","description":"Entdecken Sie neue M\u00f6glichkeiten und werden Sie aktiv in Ihrem Leben mit Barbara Friebertsh\u00e4user M.A. Coaching","robots":{"index":"index","follow":"follow","max-snippet":"max-snippet:-1","max-image-preview":"max-image-preview:large","max-video-preview":"max-video-preview:-1"},"canonical":"https:\/\/coaching-proaktiv.de\/","og_locale":"de_DE","og_type":"article","og_title":"Home Page","og_description":"Entdecken Sie neue M\u00f6glichkeiten und werden Sie aktiv in Ihrem Leben mit Barbara Friebertsh\u00e4user M.A. Coaching","og_url":"https:\/\/coaching-proaktiv.de\/","og_site_name":"Coaching proaktiv","article_modified_time":"2026-05-03T21:34:54+00:00","twitter_card":"summary_large_image","twitter_misc":{"Gesch\u00e4tzte Lesezeit":"5\u00a0Minuten"},"schema":{"@context":"https:\/\/schema.org","@graph":[{"@type":"WebPage","@id":"https:\/\/coaching-proaktiv.de\/","url":"https:\/\/coaching-proaktiv.de\/","name":"Effektives Coaching mit Barbara Friebertsh\u00e4user M.A. - Coaching proaktiv","isPartOf":{"@id":"https:\/\/coaching-proaktiv.de\/#website"},"datePublished":"2024-11-29T15:32:32+00:00","dateModified":"2026-05-03T21:34:54+00:00","description":"Entdecken Sie neue M\u00f6glichkeiten und werden Sie aktiv in Ihrem Leben mit Barbara Friebertsh\u00e4user M.A. Coaching","breadcrumb":{"@id":"https:\/\/coaching-proaktiv.de\/#breadcrumb"},"inLanguage":"de","potentialAction":[{"@type":"ReadAction","target":["https:\/\/coaching-proaktiv.de\/"]}]},{"@type":"BreadcrumbList","@id":"https:\/\/coaching-proaktiv.de\/#breadcrumb","itemListElement":[{"@type":"ListItem","position":1,"name":"Startseite","item":"https:\/\/coaching-proaktiv.de\/"},{"@type":"ListItem","position":2,"name":"Home Page"}]},{"@type":"WebSite","@id":"https:\/\/coaching-proaktiv.de\/#website","url":"https:\/\/coaching-proaktiv.de\/","name":"Coaching proactiv","description":"Barbara Friebertsh\u00e4user M.A.","publisher":{"@id":"https:\/\/coaching-proaktiv.de\/#organization"},"alternateName":"Barbara Friebertshaeuser M.A.","potentialAction":[{"@type":"SearchAction","target":{"@type":"EntryPoint","urlTemplate":"https:\/\/coaching-proaktiv.de\/?s={search_term_string}"},"query-input":{"@type":"PropertyValueSpecification","valueRequired":true,"valueName":"search_term_string"}}],"inLanguage":"de"},{"@type":"Organization","@id":"https:\/\/coaching-proaktiv.de\/#organization","name":"Coaching proactiv","url":"https:\/\/coaching-proaktiv.de\/","logo":{"@type":"ImageObject","inLanguage":"de","@id":"https:\/\/coaching-proaktiv.de\/#\/schema\/logo\/image\/","url":"https:\/\/i0.wp.com\/coaching-proaktiv.de\/wp-content\/uploads\/2024\/11\/Logo-Coaching-proaktiv.jpg?fit=598%2C598&ssl=1","contentUrl":"https:\/\/i0.wp.com\/coaching-proaktiv.de\/wp-content\/uploads\/2024\/11\/Logo-Coaching-proaktiv.jpg?fit=598%2C598&ssl=1","width":598,"height":598,"caption":"Coaching proactiv"},"image":{"@id":"https:\/\/coaching-proaktiv.de\/#\/schema\/logo\/image\/"}}]}},"jetpack_sharing_enabled":true,"_links":{"self":[{"href":"https:\/\/coaching-proaktiv.de\/index.php\/wp-json\/wp\/v2\/pages\/3000","targetHints":{"allow":["GET"]}}],"collection":[{"href":"https:\/\/coaching-proaktiv.de\/index.php\/wp-json\/wp\/v2\/pages"}],"about":[{"href":"https:\/\/coaching-proaktiv.de\/index.php\/wp-json\/wp\/v2\/types\/page"}],"author":[{"embeddable":true,"href":"https:\/\/coaching-proaktiv.de\/index.php\/wp-json\/wp\/v2\/users\/1"}],"replies":[{"embeddable":true,"href":"https:\/\/coaching-proaktiv.de\/index.php\/wp-json\/wp\/v2\/comments?post=3000"}],"version-history":[{"count":22,"href":"https:\/\/coaching-proaktiv.de\/index.php\/wp-json\/wp\/v2\/pages\/3000\/revisions"}],"predecessor-version":[{"id":3731,"href":"https:\/\/coaching-proaktiv.de\/index.php\/wp-json\/wp\/v2\/pages\/3000\/revisions\/3731"}],"wp:attachment":[{"href":"https:\/\/coaching-proaktiv.de\/index.php\/wp-json\/wp\/v2\/media?parent=3000"}],"curies":[{"name":"wp","href":"https:\/\/api.w.org\/{rel}","templated":true}]}}